 45*q. Calculate the greatest common divisor of q and 108.
27
Let n(s) = s**2 + 10*s - 14. Let k be n(5). Let q = -42 + k. Calculate the greatest common factor of q and 114.
19
Suppose -5*a = -4*q + 34, -q - 5*a = -0 + 4. Let s be q/9 - 1166/(-6). Suppose d + s = 4*d. Calculate the greatest common divisor of d and 26.
13
Let l be ((-9)/(-2))/(36/840). Let m = 116 - l. Suppose -3*x + 5*c + 70 = 2*x, 0 = 3*x - 4*c - 45. Calculate the highest common divisor of m and x.
11
Let g = 643 - 633. Calculate the greatest common factor of 270 and g.
10
Let z be (-48)/(-27) + 4/18. Suppose 5*x + a = 56, -40 = -4*x + a + 3*a. Suppose -7*q = -x - 3. What is the highest common divisor of z and q?
2
Let o = 64 + -34. Let n = -16420 - -16465. Calculate the greatest common divisor of o and n.
15
Let y(r) = -98*r**3 + 5*r**2 + 9*r + 5. Let n be y(-1). Calculate the highest common divisor of 66 and n.
33
Let m be (5/(-4))/(10/(-48)). What is the greatest common divisor of m and 213?
3
Let s be ((-30)/(-10))/(3 - (-57)/(-20)). What is the greatest common divisor of s and 490?
10
Let k(t) = 4*t**2 - t. Let n(w) = 3*w**2 - w + 1. Let s(u) = 4*k(u) - 5*n(u). Let p be s(4). What is the greatest common divisor of 165 and p?
15
Let i(p) = 7*p**2 + 85*p + 4. Let g be i(-20). Calculate the greatest common divisor of g and 48.
48
Suppose 129 - 24 = 2*g - b, -5*g = 3*b - 279. What is the highest common factor of g and 2?
2
Suppose -x + 60 + 132 = m, 5*x - 940 = -m. What is the highest common divisor of 68 and x?
17
Let m(v) be the first derivative of 2*v**3/3 - 5*v**2/2 - 4*v + 10. Let f be m(-4). Calculate the highest common factor of 6 and f.
6
Suppose -3*w + 8*w - 3*u - 123 = 0, -w + 4*u = -11. What is the highest common factor of 225 and w?
9
Suppose -12 = -5*p + 3. Suppose 0 = 3*u - 9 - p. Suppose -s + f = -14, 2*s = s - f + 6. What is the highest common factor of s and u?
2
Suppose 3*f - 180 = -5*w + 2*f, 2*f = w - 36. Let y = -2 - -2. Suppose y = -3*j + r + w, -2*r - 22 = -j - 5. Calculate the highest common divisor of j and 88.
11
Let x = 8399 - 8396. Suppose s - 1 = 2. What is the greatest common divisor of s and x?
3
Let f(v) = -3*v**2 + 19*v + 21. Let z be f(7). Calculate the greatest common factor of z and 427.
7
Let z(h) = 2*h**2 + 12*h + 19. Suppose 15 = -3*n - 15. Let d be z(n). Calculate the highest common divisor of 11 and d.
11
Suppose 3*p - h + 18 - 42 = 0, 0 = p - 2*h - 8. Let x(n) = 2*n**2 - 11*n + 5. Let f be x(13). What is the highest common factor of f and p?
8
Let u(j) = j**2 + 2*j - 1. Let m be u(4). Suppose m*c = 27*c - 8. Calculate the highest common factor of c and 4.
2
Suppose 966 = -3*l + 1101. Calculate the highest common factor of l and 40.
5
Suppose 0 = 4*h + r - 82, -3*h + 3*r + 70 = 8*r. Suppose j - 3*g = h - 1, -g - 11 = -j. Calculate the highest common factor of j and 49.
7
Let l = 89 + -47. Calculate the highest common divisor of l and 4.
2
Suppose 0 = i + 340 - 460. Calculate the greatest common factor of i and 300.
60
Let r = 29 + -24. Suppose -3*h + 0*f + 3*f + 33 = 0, 2*f = r*h - 46. Calculate the greatest common factor of 64 and h.
8
Suppose -5*h - 25 = 0, -4*u - 3*h = 30 - 23. Calculate the greatest common divisor of 26 and u.
2
Let l(c) = -5 - 2*c + c - 2*c - 1. Let r(p) = -2*p - 5. Let y(w) = -4*l(w) + 3*r(w). Let x be y(11). Calculate the greatest common factor of 15 and x.
15
Let z(a) = 16*a - 12. Let x be z(6). Let o(b) = -7*b. Let i = -18 - -15. Let u be o(i). What is the highest common factor of x and u?
21
Suppose -14*x = -8*x + 66. Let b = 31 + x. What is the greatest common divisor of 140 and b?
20
Let f(h) = 3*h**3 - 2*h**2 - 4*h - 27. Let a be f(4). What is the highest common divisor of 9 and a?
9
Suppose 2*k - 2 = 6. Let h be k/5 + 1308/15. What is the highest common factor of 66 and h?
22
Suppose -14 = -2*n + 5*o, -2*o + 0*o + 2 = 3*n. Let i be (-117)/(-2) - n - 6/4. Calculate the greatest common divisor of i and 5.
5
Suppose 4*g - 1023 = -g - 2*s, 5*s = 4*g - 792. Let a = 343 - g. Calculate the highest common factor of 56 and a.
28
Let u(a) = 6*a**3 + a**2 - a. Let m be u(2). Let j be (-3)/21 + m/7. Suppose j = 5*o - 13. Calculate the greatest common divisor of 12 and o.
4
Suppose -2*c = 2*c - 20. Suppose -30 = -2*g + 4*b, 0*b + c*b + 57 = 4*g. Calculate the greatest common divisor of g and 52.
13
Let u be (-338 - (-18 - -10))*(-11)/2. Calculate the highest common divisor of 55 and u.
55
Let q(j) = 24*j**2. Let f be q(-1). Let t be 10/5 + 5*2. What is the greatest common factor of t and f?
12
Let c = 99 - -48. Let x(p) = -p**2 + 11*p + 3. Let a be x(9). Calculate the highest common divisor of a and c.
21
Let r be 1/1*(12 + -2 - -3). Suppose 0 = -r*d + 18*d - 160. What is the highest common divisor of 8 and d?
8
Let y(f) = -f - 1. Let z be y(-13). Let m(w) = -w**2 + 12*w - 3. Let i be m(5). Suppose -33*g = -i*g - 12. What is the highest common factor of z and g?
12
Let h be (-390)/12*4/(-5). Let d = 123 + -19. What is the highest common factor of h and d?
26
Let s be 2 + (-4)/(-16)*4. Suppose 316 = 2*w + 2*o, 762 = 5*w + o - s*o. What is the highest common divisor of 14 and w?
14
Let i be (7/21)/(3/18). Let o be i/12 + (-310)/(-12). What is the greatest common divisor of o and 65?
13
Let c = -106 + 224. What is the greatest common divisor of c and 2?
2
Suppose 2*s - 2*i = -3*s + 266, -5*i = -5*s + 260. What is the highest common divisor of s and 81?
27
Let m(z) = -z**3 - 13*z**2 - 41*z - 10. Let n be m(-9). Let i be (0 + 2)*1 - -12. What is the highest common factor of n and i?
7
Suppose j = 5 - 1. Let z = -15693 - -15694. Calculate the greatest common divisor of j and z.
1
Let c(o) = -38*o**2 + 4*o - 2. Let u be c(-3). Let b = u - -500. What is the greatest common divisor of 18 and b?
18
Suppose -2*r = -2 + 6. Let g be 1*r - (3 + -25). Let c(j) = -45*j**2 - 461*j + 70. Let y be c(-10). Calculate the highest common factor of y and g.
20
Suppose 3*n = 2*v + 21, 51 = 4*n + 6*v - v. Suppose -3*s - n = -2*s. Let j = s - -14. What is the greatest common factor of j and 55?
5
Suppose -8 = -0*m + 2*m, -l = 4*m + 9. Suppose 5*g - 22 - 13 = 0. What is the highest common factor of l and g?
7
Suppose -4*h = 3*g - 2*h - 436, 0 = 2*g + 3*h - 294. What is the greatest common factor of 32 and g?
16
Suppose 2*i = 5*g + 117, -i = -6*i - 4*g + 276. Calculate the greatest common divisor of 24 and i.
8
Suppose 96 = 9*g + 3*g. Suppose 0 = -12*z + 16 + g. Calculate the highest common divisor of z and 5.
1
Let y = 48 + 6. Calculate the highest common factor of 432 and y.
54
Let u be (-9)/15 - 15/(-25). Suppose u = -6*p + 2*p + 144. Calculate the greatest common factor of p and 4.
4
Let u = 44 + -24. Suppose -24 - 3 = -3*q. Suppose -10*s + 4 = -q*s. What is the greatest common factor of u and s?
4
Let z(w) = -6*w + 87. Let s be z(12). Suppose -5*b - k + 46 = 0, 5*k = -1 - 19. What is the highest common factor of b and s?
5
Suppose -55 = -2*z + 331. Suppose -3*n - 2*l = -7*l - z, -2*n + 4*l + 128 = 0. What is the greatest common divisor of n and 22?
22
Let r = 32 + -13. Let a = 1275 - 1123. What is the highest common divisor of r and a?
19
Let x be 0 + -1 - (5 - 2). Let n be 154 + (-3 + 19)/x. Suppose -8*a + 2*s = -3*a - n, -2*a - 3*s + 60 = 0. What is the greatest common divisor of a and 15?
15
Let u = 78 + -76. Suppose u*i - 247 = -3*s + 259, 5*s + 5*i - 840 = 0. What is the greatest common factor of 34 and s?
34
Let h = -27 - -39. Let y = 17 - h. Calculate the highest common divisor of y and 85.
5
Suppose f + 3*f = -4. Let c be -1*(f - -1 - 5). Let n be c + -2 - (0 + 0). Calculate the highest common divisor of n and 33.
3
Suppose 0 = 7*a + 143 - 4546. What is the greatest common divisor of 51 and a?
17
Let y be (-206)/(-8) + (-11)/(-44). Suppose 140 = -3*l + 998. Calculate the greatest common divisor of y and l.
26
Let b = 6 - 4. Suppose b*w - 32 = 5*f, -3*f - 30 = -2*w - w. Suppose 0 = 13*n + n - 126. Calculate the greatest common factor of n and w.
3
Let f = -17 - -20. Let c be -2 + (30 + 0)/f. Let z = c - -5. What is the greatest common factor of 117 and z?
13
Suppose 119*h - 1976 = 100*h. Let b = 3 - -5. What is the highest common factor of b and h?
8
Let f = 436 - 249. Suppose 23 = 5*h - 37. Let q = h + 5. Calculate the greatest